{"id":2,"date":"2015-02-25T08:10:26","date_gmt":"2015-02-25T08:10:26","guid":{"rendered":"http:\/\/www.paradog.de\/wordpress\/?page_id=2"},"modified":"2020-05-24T20:51:17","modified_gmt":"2020-05-24T18:51:17","slug":"beispiel-seite","status":"publish","type":"page","link":"http:\/\/www.paradog.de\/?page_id=2","title":{"rendered":"About"},"content":{"rendered":"<p>In rund 50 Jahren sammelt sich so einiges an: Ideen, Aktionen, Arbeiten, Bilder, Fotos und Erfahrungen. Diese Seite wird einiges davon pr\u00e4sentieren und je nach Zeitfenster mehr oder weniger schnell wachsen. Eine eigene Rubrik ist meinen &#8222;Buddies&#8220; und deren Output gewidmet.<\/p>\n<p>Zu den Hard Facts: Ich habe in Heidelberg Kunstgeschichte mit den Nebenf\u00e4chern Psychologie und Ethnologie studiert. Parallel habe ich mit Freunden die nichtkommerzielle &#8222;Heart Gallery&#8220; betrieben. Nach dem Studium habe ich eine einj\u00e4hrige Fortbildung &#8222;Mediendesign&#8220; absolviert und arbeite seitdem freiberuflich als Grafikerin. Lange Jahre habe ich vor allem f\u00fcr das Stadtmagazin &#8222;Meier&#8220;, aber auch f\u00fcr verschiedene andere Publikationen wie der Tageszeitung &#8222;Mannheimer Morgen&#8220; \u00fcber Kunst geschrieben. Im <a href=\"https:\/\/bermudafunk.org\" target=\"_blank\" rel=\"noopener noreferrer\">Freien Radio Rhein-Neckar e. V. bermuda.funk<\/a> bin ich f\u00fcr die \u00d6ffentlichkeitsarbeit zust\u00e4ndig.<\/p>\n\n\n<p><\/p>\n","protected":false},"excerpt":{"rendered":"<p>In rund 50 Jahren sammelt sich so einiges an: Ideen, Aktionen, Arbeiten, Bilder, Fotos und Erfahrungen. Diese Seite wird einiges davon pr\u00e4sentieren und je nach Zeitfenster mehr oder weniger schnell wachsen. Eine eigene Rubrik ist meinen &#8222;Buddies&#8220; und deren Output gewidmet. Zu den Hard Facts: Ich habe in Heidelberg Kunstgeschichte mit den Nebenf\u00e4chern Psychologie und Ethnologie studiert. Parallel habe ich mit Freunden die nichtkommerzielle &#8222;Heart Gallery&#8220; betrieben. Nach dem Studium habe ich eine einj\u00e4hrige Fortbildung &#8222;Mediendesign&#8220; absolviert und arbeite seitdem freiberuflich als Grafikerin. Lange Jahre habe ich vor allem f\u00fcr das Stadtmagazin &#8222;Meier&#8220;, aber auch f\u00fcr verschiedene andere Publikationen wie der Tageszeitung &#8222;Mannheimer Morgen&#8220; \u00fcber Kunst geschrieben. Im Freien Radio Rhein-Neckar e. V. bermuda.funk bin ich f\u00fcr die \u00d6ffentlichkeitsarbeit zust\u00e4ndig.<\/p>\n","protected":false},"author":1,"featured_media":0,"parent":0,"menu_order":0,"comment_status":"open","ping_status":"open","template":"","meta":{"spay_email":""},"jetpack_sharing_enabled":true,"jetpack_shortlink":"https:\/\/wp.me\/P5RKSx-2","_links":{"self":[{"href":"http:\/\/www.paradog.de\/index.php?rest_route=\/wp\/v2\/pages\/2"}],"collection":[{"href":"http:\/\/www.paradog.de\/index.php?rest_route=\/wp\/v2\/pages"}],"about":[{"href":"http:\/\/www.paradog.de\/index.php?rest_route=\/wp\/v2\/types\/page"}],"author":[{"embeddable":true,"href":"http:\/\/www.paradog.de\/index.php?rest_route=\/wp\/v2\/users\/1"}],"replies":[{"embeddable":true,"href":"http:\/\/www.paradog.de\/index.php?rest_route=%2Fwp%2Fv2%2Fcomments&post=2"}],"version-history":[{"count":6,"href":"http:\/\/www.paradog.de\/index.php?rest_route=\/wp\/v2\/pages\/2\/revisions"}],"predecessor-version":[{"id":321,"href":"http:\/\/www.paradog.de\/index.php?rest_route=\/wp\/v2\/pages\/2\/revisions\/321"}],"wp:attachment":[{"href":"http:\/\/www.paradog.de\/index.php?rest_route=%2Fwp%2Fv2%2Fmedia&parent=2"}],"curies":[{"name":"wp","href":"https:\/\/api.w.org\/{rel}","templated":true}]}}